{"id":602,"date":"2024-06-25T21:07:57","date_gmt":"2024-06-25T19:07:57","guid":{"rendered":"https:\/\/an-dochine.fr\/?page_id=602"},"modified":"2024-06-25T21:17:03","modified_gmt":"2024-06-25T19:17:03","slug":"mentions-legales","status":"publish","type":"page","link":"https:\/\/an-dochine.fr\/?page_id=602","title":{"rendered":"Mentions l\u00e9gales"},"content":{"rendered":"\t\t<div data-elementor-type=\"wp-page\" data-elementor-id=\"602\" class=\"elementor elementor-602\" data-elementor-settings=\"{&quot;element_pack_global_tooltip_width&quot;:{&quot;unit&quot;:&quot;px&quot;,&quot;size&quot;:&quot;&quot;,&quot;sizes&quot;:[]},&quot;element_pack_global_tooltip_width_tablet&quot;:{&quot;unit&quot;:&quot;px&quot;,&quot;size&quot;:&quot;&quot;,&quot;sizes&quot;:[]},&quot;element_pack_global_tooltip_width_mobile&quot;:{&quot;unit&quot;:&quot;px&quot;,&quot;size&quot;:&quot;&quot;,&quot;sizes&quot;:[]},&quot;element_pack_global_tooltip_padding&quot;:{&quot;unit&quot;:&quot;px&quot;,&quot;top&quot;:&quot;&quot;,&quot;right&quot;:&quot;&quot;,&quot;bottom&quot;:&quot;&quot;,&quot;left&quot;:&quot;&quot;,&quot;isLinked&quot;:true},&quot;element_pack_global_tooltip_padding_tablet&quot;:{&quot;unit&quot;:&quot;px&quot;,&quot;top&quot;:&quot;&quot;,&quot;right&quot;:&quot;&quot;,&quot;bottom&quot;:&quot;&quot;,&quot;left&quot;:&quot;&quot;,&quot;isLinked&quot;:true},&quot;element_pack_global_tooltip_padding_mobile&quot;:{&quot;unit&quot;:&quot;px&quot;,&quot;top&quot;:&quot;&quot;,&quot;right&quot;:&quot;&quot;,&quot;bottom&quot;:&quot;&quot;,&quot;left&quot;:&quot;&quot;,&quot;isLinked&quot;:true},&quot;element_pack_global_tooltip_border_radius&quot;:{&quot;unit&quot;:&quot;px&quot;,&quot;top&quot;:&quot;&quot;,&quot;right&quot;:&quot;&quot;,&quot;bottom&quot;:&quot;&quot;,&quot;left&quot;:&quot;&quot;,&quot;isLinked&quot;:true},&quot;element_pack_global_tooltip_border_radius_tablet&quot;:{&quot;unit&quot;:&quot;px&quot;,&quot;top&quot;:&quot;&quot;,&quot;right&quot;:&quot;&quot;,&quot;bottom&quot;:&quot;&quot;,&quot;left&quot;:&quot;&quot;,&quot;isLinked&quot;:true},&quot;element_pack_global_tooltip_border_radius_mobile&quot;:{&quot;unit&quot;:&quot;px&quot;,&quot;top&quot;:&quot;&quot;,&quot;right&quot;:&quot;&quot;,&quot;bottom&quot;:&quot;&quot;,&quot;left&quot;:&quot;&quot;,&quot;isLinked&quot;:true}}\">\n\t\t\t\t\t\t<div class=\"elementor-section elementor-top-section elementor-element elementor-element-7de6a16f elementor-section-boxed elementor-section-height-default elementor-section-height-default\" data-id=\"7de6a16f\" data-element_type=\"section\" data-e-type=\"section\" data-settings=\"{&quot;background_background&quot;:&quot;classic&quot;}\">\n\t\t\t\t\t\t\t<div class=\"elementor-background-overlay\"><\/div>\n\t\t\t\t\t\t\t<div class=\"elementor-container elementor-column-gap-default\">\n\t\t\t\t\t<div class=\"elementor-column elementor-col-100 elementor-top-column elementor-element elementor-element-450de76b\" data-id=\"450de76b\" data-element_type=\"column\" data-e-type=\"column\">\n\t\t\t<div class=\"elementor-widget-wrap elementor-element-populated\">\n\t\t\t\t\t\t<div class=\"elementor-element elementor-element-5801ae0f elementor-widget__width-initial elementor-widget-mobile__width-inherit ui-e-a-animate elementor-widget elementor-widget-highlighted-text\" data-id=\"5801ae0f\" data-element_type=\"widget\" data-e-type=\"widget\" data-widget_type=\"highlighted-text.default\">\n\t\t\t\t<div class=\"elementor-widget-container\">\n\t\t\t\t\t        <h1 class=\"ui-e--highlighted-text\">\n            <span class=\"ui-e-headline-text elementor-repeater-item-5ffd92f ui-e-headline-stroke7\">\n\t\t\t\t\t\t\t\t\t<span class=\"whitespace\"><\/span>\n                                    <span>\n                                        <span class=\"ui-e-headline-text ui-e-headline-highlighted\">Mention l\u00e9gales<\/span><span class=\"uicore-svg-wrapper\"><svg xmlns=\"http:\/\/www.w3.org\/2000\/svg\" viewBox=\"0 0 500 150\" preserveAspectRatio=\"none\"><path d='M15.2 133.3H485' \/><\/svg><\/span><\/span> <span class=\"whitespace\"> <\/span><\/span>        <\/h1>\n    \t\t\t\t<\/div>\n\t\t\t\t<\/div>\n\t\t\t\t<div class=\"elementor-element elementor-element-6505c41a elementor-widget elementor-widget-spacer\" data-id=\"6505c41a\" data-element_type=\"widget\" data-e-type=\"widget\" data-widget_type=\"spacer.default\">\n\t\t\t\t<div class=\"elementor-widget-container\">\n\t\t\t\t\t\t\t<div class=\"elementor-spacer\">\n\t\t\t<div class=\"elementor-spacer-inner\"><\/div>\n\t\t<\/div>\n\t\t\t\t\t\t<\/div>\n\t\t\t\t<\/div>\n\t\t\t\t<div class=\"elementor-element elementor-element-11e8f012 elementor-widget elementor-widget-spacer\" data-id=\"11e8f012\" data-element_type=\"widget\" data-e-type=\"widget\" data-widget_type=\"spacer.default\">\n\t\t\t\t<div class=\"elementor-widget-container\">\n\t\t\t\t\t\t\t<div class=\"elementor-spacer\">\n\t\t\t<div class=\"elementor-spacer-inner\"><\/div>\n\t\t<\/div>\n\t\t\t\t\t\t<\/div>\n\t\t\t\t<\/div>\n\t\t\t\t\t<\/div>\n\t\t<\/div>\n\t\t\t\t\t<\/div>\n\t\t<\/div>\n\t\t\t\t<div class=\"elementor-section elementor-top-section elementor-element elementor-element-6bd02287 elementor-reverse-mobile elementor-section-boxed elementor-section-height-default elementor-section-height-default\" data-id=\"6bd02287\" data-element_type=\"section\" data-e-type=\"section\" id=\"gallery\" data-settings=\"{&quot;background_background&quot;:&quot;classic&quot;}\">\n\t\t\t\t\t\t\t<div class=\"elementor-background-overlay\"><\/div>\n\t\t\t\t\t\t\t<div class=\"elementor-container elementor-column-gap-default\">\n\t\t\t\t\t<div class=\"elementor-column elementor-col-100 elementor-top-column elementor-element elementor-element-2381f69b\" data-id=\"2381f69b\" data-element_type=\"column\" data-e-type=\"column\">\n\t\t\t<div class=\"elementor-widget-wrap elementor-element-populated\">\n\t\t\t\t\t\t<div class=\"elementor-element elementor-element-364831ae elementor-widget elementor-widget-text-editor\" data-id=\"364831ae\" data-element_type=\"widget\" data-e-type=\"widget\" data-widget_type=\"text-editor.default\">\n\t\t\t\t<div class=\"elementor-widget-container\">\n\t\t\t\t\t\t\t\t\t<h4><strong>Propri\u00e9taire du site :<\/strong><\/h4><p><strong>Nom de l&rsquo;Entreprise :<\/strong> NGUYEN NGHIEM<br \/><strong>Enseigne :<\/strong> \u00c0NDOCHINE<br \/><strong>Forme juridique :<\/strong> SAS, soci\u00e9t\u00e9 par actions simplifi\u00e9e<br \/><strong>Identifiant SIREN :<\/strong> 980 993 588<br \/><strong>Identifiant SIRET du si\u00e8ge :<\/strong> 980 993 588 00014<br \/><strong>Adresse du si\u00e8ge :<\/strong> 28 RUE DES POLINAIRES, 31000 TOULOUSE<br \/><strong>T\u00e9l\u00e9phone :\u00a0<\/strong><a href=\"tel:0536898934\" data-dtype=\"d3ph\" data-local-attribute=\"d3ph\" data-ved=\"2ahUKEwiUgvfZtfeGAxVVAvsDHQEnC3cQkAgoAHoECCkQAg\"><span aria-label=\"Appeler le 05 36 89 89 34\">05 36 89 89 34<\/span><\/a><\/p><p><strong>Email :<\/strong> info@an-dochine.fr<\/p><p><strong>Directeur de la publication :<\/strong> NGUYEN NGHIEM<\/p><h4><strong>D\u00e9veloppeur du site :<\/strong><\/h4><p><strong>Nom de l&rsquo;agence :<\/strong> L&rsquo;agence Swiloweb<br \/><strong>Adresse :<\/strong> 2 Chemin Raynal<br \/><br \/><strong>Email :<\/strong> hello@swiloweb.com<br \/><strong>Site web :<\/strong> www.swiloweb.com<\/p><h4><strong>H\u00e9bergement du site :<\/strong><\/h4><p><strong>Nom de l&rsquo;h\u00e9bergeur :<\/strong> HOSTINGER<\/p><p><br \/><strong>Adresse de l&rsquo;h\u00e9bergeur :<\/strong> <em>HOSTINGER<\/em>\u00a0INTERNATIONAL LTD, dont le\u00a0<em>si\u00e8ge<\/em>\u00a0social se situe 61 Lordou Vironos Street, 6023 Larnaca, Chypre<\/p><p><br \/><strong>Site web de l&rsquo;h\u00e9bergeur :<\/strong> www.hostinger.com<\/p><h4><strong>Informations l\u00e9gales :<\/strong><\/h4><p><strong>Date de cr\u00e9ation de l&rsquo;entreprise :<\/strong> 27\/10\/2023<br \/><strong>Identifiant SIRET de l&rsquo;\u00e9tablissement :<\/strong> 980 993 588 00048<br \/><strong>Date de cr\u00e9ation de l&rsquo;\u00e9tablissement :<\/strong> 24\/01\/2024<br \/><strong>Activit\u00e9 Principale Exerc\u00e9e (APE) :<\/strong> 56.10C &#8211; Restauration de type rapide<br \/><strong>Appartenance au champ de l\u2019ESS :<\/strong> Non<br \/><strong>Appartenance au champ des soci\u00e9t\u00e9s \u00e0 mission :<\/strong> Non<\/p><h4><strong>Propri\u00e9t\u00e9 intellectuelle :<\/strong><\/h4><p>Tout le contenu du site <a href=\"http:\/\/www.an-dochine.fr\" target=\"_new\" rel=\"noreferrer\">www.an-dochine.fr<\/a>, incluant, de fa\u00e7on non limitative, les graphismes, images, textes, vid\u00e9os, animations, sons, logos, gifs et ic\u00f4nes ainsi que leur mise en forme sont la propri\u00e9t\u00e9 exclusive de la soci\u00e9t\u00e9 NGUYEN NGHIEM, \u00e0 l&rsquo;exception des marques, logos ou contenus appartenant \u00e0 d&rsquo;autres soci\u00e9t\u00e9s partenaires ou auteurs.<\/p><h4><strong>Droit applicable :<\/strong><\/h4><p>Les pr\u00e9sentes mentions l\u00e9gales sont soumises au droit fran\u00e7ais. En cas de litige, et \u00e0 d\u00e9faut d&rsquo;accord amiable, le litige sera port\u00e9 devant les tribunaux fran\u00e7ais conform\u00e9ment aux r\u00e8gles de comp\u00e9tence en vigueur.<\/p><h4><strong>Contact :<\/strong><\/h4><p>Pour toute question concernant ces mentions l\u00e9gales, vous pouvez nous contacter \u00e0 l&rsquo;adresse suivante :<br \/><strong>Email :<\/strong> info@an-dochine.fr<br \/><strong>Adresse postale :<\/strong> 28 RUE DES POLINAIRES, 31000 TOULOUSE<\/p>\t\t\t\t\t\t\t\t<\/div>\n\t\t\t\t<\/div>\n\t\t\t\t\t<\/div>\n\t\t<\/div>\n\t\t\t\t\t<\/div>\n\t\t<\/div>\n\t\t\t\t<\/div>\n\t\t","protected":false},"excerpt":{"rendered":"<p>Mention l\u00e9gales Propri\u00e9taire du site : Nom de l&rsquo;Entreprise : NGUYEN NGHIEMEnseigne : \u00c0NDOCHINEForme juridique : SAS, soci\u00e9t\u00e9 par actions simplifi\u00e9eIdentifiant SIREN [&hellip;]<\/p>\n","protected":false},"author":1,"featured_media":0,"parent":0,"menu_order":0,"comment_status":"closed","ping_status":"closed","template":"","meta":{"footnotes":""},"class_list":["post-602","page","type-page","status-publish","hentry"],"_links":{"self":[{"href":"https:\/\/an-dochine.fr\/index.php?rest_route=\/wp\/v2\/pages\/602","targetHints":{"allow":["GET"]}}],"collection":[{"href":"https:\/\/an-dochine.fr\/index.php?rest_route=\/wp\/v2\/pages"}],"about":[{"href":"https:\/\/an-dochine.fr\/index.php?rest_route=\/wp\/v2\/types\/page"}],"author":[{"embeddable":true,"href":"https:\/\/an-dochine.fr\/index.php?rest_route=\/wp\/v2\/users\/1"}],"replies":[{"embeddable":true,"href":"https:\/\/an-dochine.fr\/index.php?rest_route=%2Fwp%2Fv2%2Fcomments&post=602"}],"version-history":[{"count":0,"href":"https:\/\/an-dochine.fr\/index.php?rest_route=\/wp\/v2\/pages\/602\/revisions"}],"wp:attachment":[{"href":"https:\/\/an-dochine.fr\/index.php?rest_route=%2Fwp%2Fv2%2Fmedia&parent=602"}],"curies":[{"name":"wp","href":"https:\/\/api.w.org\/{rel}","templated":true}]}}